n thousands digit of d?
1
Suppose -p = -4*d - 1778, -d + 6997 = 5*p - 1746. What is the hundreds digit of p?
7
Suppose -21307 = v + 5*x - 58925, -2*x - 187874 = -5*v. What is the ten thousands digit of v?
3
Suppose f = -3*w - 1, -2*w + 4*f = -4*w - 4. Suppose -521 = -5*s - 2*g, 2*s - 5*g - 220 = -w*g. Let c = -38 + s. What is the tens digit of c?
6
Let q = -52 - 2. Let n = q + 78. What is the units digit of 4/6 + 32/n?
2
Suppose 4*t + 3*b - 60 = -18, -2*t - 4*b + 26 = 0. Let y be t + (5 - 8) + -4. Suppose -2*l + 415 = -5*o, -y*o + 0*o = -5*l + 1048. What is the tens digit of l?
1
Let z(v) = 1438*v + 6865. What is the units digit of z(11)?
3
Suppose 104 = -5*d - 16. Let r be (-2*d/32)/((-6)/(-268)). Let v = r - 22. What is the tens digit of v?
4
Let s be 1982/11 + 16/(-88). What is the tens digit of (87/18*2)/(4/s)?
3
Let b be 77/44 + -2*2/(-16). Suppose -12 = -b*y - 6. Suppose -y*m = -2*o + 91, -5*o = -0*m - 5*m - 225. What is the units digit of o?
4
Let z(t) = -162*t - 89. Let v be z(-7). Let u = v + -555. What is the tens digit of u?
9
Suppose -14242 - 444 = -7*p. What is the tens digit of p?
9
Let t = 39 - -8. Let h be (-40)/(-6)*(8 - t). Let v = 478 + h. What is the tens digit of v?
1
Let l = -2235 + 2276. What is the tens digit of l?
4
Suppose 0 = -5*n - 15, -22*d + 19*d + 117030 = 3*n. What is the ten thousands digit of d?
3
Suppose -n + 5950 = -2*q, 8*n = -31*q + 35*q + 47648. What is the hundreds digit of n?
9
Let c(z) = 20*z**2 + 659*z + 45. What is the ten thousands digit of c(-47)?
1
Let q be 60/(-2) - (-8)/(-4). Let h be 30/((-4)/(q/3)). What is the units digit of (h/12)/(4/30)?
0
Let g(b) be the third derivative of 13*b**5/30 - 7*b**4/6 - 47*b**3/3 - 15*b**2 - 2*b. What is the hundreds digit of g(-3)?
2
Let f = -16 + -11. Let i = f - -32. Suppose q + 249 = 2*h, 411 + 174 = i*h + 5*q. What is the units digit of h?
2
Suppose -404*s + 440*s = 99072. What is the hundreds digit of s?
7
Let m = 9783 - -4906. What is the tens digit of m?
8
Let d(j) = 4*j**3 - j**2 + 2*j - 1. Let b be d(1). Let c be 3 + -5 + (0 - b). What is the units digit of ((-20)/(-6))/(c/(-9))?
5
Let h = 3614 - 1508. Let n = h + -670. What is the thousands digit of n?
1
Suppose 134*b - 124*b - 3500 = 0. Suppose 3*d = b + 727. What is the hundreds digit of d?
3
Let y = -18706 + 44351. What is the tens digit of y?
4
Let k = 1 - -4. Let x = -800 - -885. Suppose 5*f = 3*z + 196 + x, 5*f - 265 = -k*z. What is the units digit of f?
5
Let g be 6/(-16) + (-566)/(-16). Suppose 0 = 2*t + 3*t - g. Suppose -12*s + t*s = -120. What is the tens digit of s?
2
Suppose 3*a - 6*a = -15. Suppose -r = -d - 4, -2*d - a = r - 0. What is the hundreds digit of -1 + -1 - r/1*-218?
2
Let p(u) = 2627*u**2 + 127*u + 1. What is the thousands digit of p(3)?
4
Let z be (-38)/(-11) - (-306)/561. Suppose 5*h = u + 90 - 635, 5*h - 2105 = -z*u. What is the units digit of u?
0
Suppose -5*h - 2*u = -466, 0*h - 3*h + 5*u = -292. Suppose 8*w = 113 - 97. What is the tens digit of h/w - -1*(-1 + 0)?
4
Suppose -41*r - 77240 = -81*r. What is the hundreds digit of r?
9
Let f be ((-36)/(-8))/((-24)/(-64)). Let v(c) be the first derivative of c**2 + 3*c + 1. What is the units digit of v(f)?
7
Suppose 114*h = -93*h + 2700315. What is the thousands digit of h?
3
What is the thousands digit of ((-4)/6 - (-1)/3) + (-1057275)/(-27)?
9
Suppose 15 = -5*m, 10 = -19*z + 24*z + 5*m. Let a = 6 + -2. Suppose a*u - 405 = -z*f, 0*f = -3*u - 3*f + 300. What is the tens digit of u?
9
Suppose -67715 = -25*b - 10115. Suppose -8*k + 24*k = b. What is the tens digit of k?
4
Let x be (-24)/11 + 4 + 210/(-55). What is the units digit of (-1862)/(-5) + (-7)/((-35)/x)?
2
Let l(f) = -5099*f**3 + 7*f**2 - 22*f - 8. Let x(v) = -1699*v**3 + 2*v**2 - 7*v - 3. Let j(q) = -2*l(q) + 7*x(q). What is the tens digit of j(-1)?
9
Suppose 5*m = 8851 + 9309. Suppose 4*b = 0, 66*b - 69*b = -4*q + m. What is the units digit of q?
8
What is the hundreds digit of (-86 - -11410)*(-1)/(-2)?
6
Let s be (7 + -4 + 38)*17. Suppose 4*k + 3*n - s = 2*n, 3*n - 188 = -k. What is the tens digit of k?
7
Let z = 14029 - 4834. What is the hundreds digit of z?
1
Suppose -6*g - 10 = -3*n - 4*g, -4*n + 4 = 2*g. Suppose -n*c - 2274 = -8*c. What is the tens digit of c?
7
Let b(x) = 1400*x - 262. What is the ten thousands digit of b(11)?
1
Suppose 13944 = 8*p - 8296. Suppose -5*g + p = -4*a, -2*a = 3*g - 759 - 887. What is the tens digit of g?
5
Let t = -105397 - -149596. What is the ten thousands digit of t?
4
Let o(s) = -s. Let k(u) be the first derivative of -4*u**3/3 + 2*u**2 - 7*u + 6. Let h(z) = -k(z) - 5*o(z). What is the units digit of h(-4)?
7
Let o(w) = 61*w**2 + w + 117 - 60*w**2 - 2*w. Let m be o(0). Suppose 2*q + 113 = f, -5*q + 19 = -f + m. What is the units digit of f?
3
Let n(j) = 7*j**2 - 85*j + 14. Let s be n(12). What is the tens digit of 3021/12 - s - (-3)/12?
5
Let l = 4 + 1. Suppose 3*i - l*i + 160 = 0. What is the hundreds digit of i/(-1*4/(-6))?
1
Let c(h) = 260*h + 2575. What is the thousands digit of c(22)?
8
Let b(x) = 43*x**2 - 16*x - 123. What is the thousands digit of b(-12)?
6
Suppose 2*t - 54 - 12 = 0. Let x = 37 - t. Suppose x*m + 0*r - 4*r = 616, -2*r = -4*m + 612. What is the tens digit of m?
5
Let d = -617 - -651. Suppose 37*j - d*j - 1165 = 2*k, 5*j = -k + 1959. What is the hundreds digit of j?
3
Let a = -171844 + 250456. What is the units digit of a?
2
Suppose 3*j = -5*n + 71, -4*n = 5*j - 0*n - 140. What is the tens digit of (-4)/(4/(-5))*(j - 1)?
5
Let o = 94 + -56. Suppose o*f = 41*f. Suppose -4*q + 162 - 10 = f. What is the tens digit of q?
3
Let q = -56 - -96. Suppose 5*t - 12 - 8 = 0. Suppose -t*c - q = -6*c. What is the tens digit of c?
2
Suppose 25*m - 24*m = 3*q - 26605, 4*q - 2*m = 35476. What is the hundreds digit of q?
8
Suppose -4*t + 4*w = -27472, 27400 = 4*t + 7*w - 2*w. What is the hundreds digit of t?
8
Let i = -55 + 77. Let r = i + -20. Suppose 0 = r*o - 148 - 0. What is the units digit of o?
4
Let i(x) = -2*x + 10. Let w be i(4). Let o be w - 0 - (1 + -2)*2. Suppose -3*r + 0*j - o*j + 625 = 0, 0 = -4*r + 2*j + 804. What is the hundreds digit of r?
2
Suppose 4*j = 5*b - 6*b - 22, 4*j + 16 = 2*b. Let a(q) = 4*q**2 + 12*q - 1. What is the units digit of a(j)?
9
Let y = 2 - -332. Let v = y - -68. What is the units digit of v?
2
Let s = -78 - -75. Let v = s - -3. Suppose -720 = -4*x - v*x - d, 3*x - 523 = -5*d. What is the tens digit of x?
8
Let p = 979 + -125. Let x = p - -559. What is the tens digit of x?
1
Let o be (0 + 3 + -2)*-6. Let j = 760 + -772. What is the tens digit of j/18*837/o?
9
Let k = 566 + 1053. What is the units digit of k?
9
What is the units digit of (6 - 24) + (30962 - 2)?
2
Let d(l) = l + 5. Let w be d(7). Let q be 18/w - (-3)/2. Suppose 0 = -3*x - q*r + 675, 3*r + 496 = 4*x - 369. What is the tens digit of x?
2
Let i(j) = 37*j - 112. Let k(h) = 55*h - 168. Let g(z) = 8*i(z) - 5*k(z). What is the units digit of g(22)?
6
Let o(u) = 458*u**3 - 10*u**2 + 99*u + 40. What is the ten thousands digit of o(5)?
5
What is the hundreds digit of (-252334)/(-26) - 28/182?
7
Let h be (6/(-5))/((-7)/((-105)/(-6))). Let q(l) = -7*l**2 - 3*l + 3*l**3 - 4*l**2 + 13*l**2 - 4. What is the tens digit of q(h)?
8
Suppose 4*i - 18 = -5*o + 2*i, -2*o = 4*i - 4. Suppose -8*d + o = -6*d. Suppose 0 = -4*l + 3*q - 7*q + 208, -d*l + 92 = 5*q. What is the units digit of l?
6
Suppose j = -0*j - 2*m + 2, m = -3*j + 16. What is the hundreds digit of (-6*j/4)/(1/(-77))?
6
Let g = 219 - 216. What is the units digit of g + 14/(((-12)/17)/(-6))?
2
Let g(l) = 3*l**2 - 13*l + 14. Suppose -8 = -7*p + 6. Let n be p - (-1 + -1)*14/7. What is the units digit of g(n)?
4
What is the tens digit of (-2 - (-7490)/(-3))/((-3)/(-26 - -53))?
8
Suppose -16618 = -4*d - 2*f, 0 = 3*f + f - 4. What is the thousands digit of d?
4
Let a(n) = 396*n**2 - 41*n + 14. What is the ten thousands digit of a(-5)?
1
Suppose -506*f + 501*f = -i - 224523, -5*f + 4*i + 224532 = 0. What is the hundreds digit of f?
9
Let w = 169 - 169. What is the units digit of (w/6 - -548) + 0?
8
Let u(y) = -y**3 - 10*y**2 + 36*y - 24. Let o be u(-13). Suppose o*a = -89 + 749. What is the units digit of a?
4
Suppose 0*y - 4*y + 5*p = -35117, -3*y - 2*p + 26309 = 0. What is the thous